ts digit of 1156?
6
What is the thousands digit of 13352?
3
What is the thousands digit of 42630?
2
What is the hundreds digit of 649?
6
What is the tens digit of 6133?
3
What is the hundreds digit of 1975?
9
What is the units digit of 4473?
3
What is the tens digit of 672?
7
What is the units digit of 3264?
4
What is the hundreds digit of 21409?
4
What is the units digit of 66761?
1
What is the tens digit of 857?
5
What is the tens digit of 16945?
4
What is the tens digit of 1553?
5
What is the tens digit of 4445?
4
What is the hundreds digit of 1852?
8
What is the units digit of 100214?
4
What is the thousands digit of 31829?
1
What is the units digit of 1382?
2
What is the tens digit of 15365?
6
What is the units digit of 3048?
8
What is the units digit of 3061?
1
What is the units digit of 1117?
7
What is the units digit of 362?
2
What is the units digit of 3302?
2
What is the hundreds digit of 1109?
1
What is the tens digit of 996?
9
What is the units digit of 936?
6
What is the units digit of 85?
5
What is the tens digit of 2244?
4
What is the units digit of 566?
6
What is the hundreds digit of 1156?
1
What is the tens digit of 89110?
1
What is the thousands digit of 1893?
1
What is the thousands digit of 5877?
5
What is the thousands digit of 2528?
2
What is the ten thousands digit of 33507?
3
What is the tens digit of 33?
3
What is the thousands digit of 1664?
1
What is the tens digit of 2029?
2
What is the thousands digit of 24417?
4
What is the thousands digit of 46706?
6
What is the hundreds digit of 811?
8
What is the hundreds digit of 3572?
5
What is the units digit of 8166?
6
What is the units digit of 8309?
9
What is the hundreds digit of 227?
2
What is the tens digit of 1772?
7
What is the tens digit of 4939?
3
What is the hundreds digit of 4259?
2
What is the ten thousands digit of 20413?
2
What is the ten thousands digit of 119759?
1
What is the units digit of 589?
9
What is the ten thousands digit of 20387?
2
What is the units digit of 1571?
1
What is the thousands digit of 30992?
0
What is the hundreds digit of 1391?
3
What is the units digit of 14561?
1
What is the hundreds digit of 52088?
0
What is the hundreds digit of 902?
9
What is the units digit of 8938?
8
What is the thousands digit of 1493?
1
What is the thousands digit of 6865?
6
What is the units digit of 3544?
4
What is the hundreds digit of 272?
2
What is the thousands digit of 5384?
5
What is the tens digit of 4838?
3
What is the units digit of 971?
1
What is the tens digit of 326?
2
What is the thousands digit of 8545?
8
What is the units digit of 16483?
3
What is the tens digit of 1303?
0
What is the ten thousands digit of 23945?
2
What is the thousands digit of 1666?
1
What is the units digit of 1515?
5
What is the thousands digit of 20894?
0
What is the thousands digit of 1446?
1
What is the tens digit of 2325?
2
What is the tens digit of 1137?
3
What is the thousands digit of 4641?
4
What is the units digit of 38674?
4
What is the hundreds digit of 697?
6
What is the hundreds digit of 8827?
8
What is the units digit of 3195?
5
What is the hundreds digit of 23553?
5
What is the tens digit of 5582?
8
What is the tens digit of 19953?
5
What is the hundreds digit of 42325?
3
What is the units digit of 3335?
5
What is the units digit of 1282?
2
What is the thousands digit of 1925?
1
What is the hundreds digit of 710?
7
What is the units digit of 8252?
2
What is the units digit of 24948?
8
What is the thousands digit of 28431?
8
What is the units digit of 29326?
6
What is the thousands digit of 25780?
5
What is the tens digit of 3139?
3
What is the units digit of 1231?
1
What is the hundreds digit of 119112?
1
What is the hundreds digit of 2010?
0
What is the units digit of 742?
2
What is the hundreds digit of 1278?
2
What is the units digit of 656?
6
What is the hundreds digit of 8512?
5
What is the units digit of 5397?
7
What is the units digit of 2205?
5
What is the hundreds digit of 12195?
1
What is the hundreds digit of 39331?
3
What is the tens digit of 4396?
9
What is the ten thousands digit of 36719?
3
What is the tens digit of 1957?
5
What is the thousands digit of 91603?
1
What is the tens digit of 3865?
6
What is the units digit of 218?
8
What is the hundreds digit of 191?
1
What is the ten thousands digit of 26245?
2
What is the ten thousands digit of 80828?
8
What is the hundreds digit of 88285?
2
What is the units digit of 886?
6
What is the thousands digit of 4005?
4
What is the ten thousands digit of 10293?
1
What is the thousands digit of 1898?
1
What is the units digit of 522?
2
What is the tens digit of 11783?
8
What is the units digit of 32528?
8
What is the ten thousands digit of 132517?
3
What is the units digit of 37601?
1
What is the hundreds digit of 919?
9
What is the thousands digit of 21891?
1
What is the ten thousands digit of 73023?
7
What is the tens digit of 9266?
6
What is the units digit of 3829?
9
What is the units digit of 5499?
9
What is the hundreds digit of 9685?
6
What is the units digit of 34977?
7
What is the thousands digit of 16853?
6
What is the thousands digit of 8164?
8
What is the units digit of 7741?
1
What is the hundreds digit of 2199?
1
What is the hundreds digit of 10461?
4
What is the hundreds digit of 7416?
4
What is the ten thousands digit of 31386?
3
What is the thousands digit of 6464?
6
What is the units digit of 52857?
7
What is the units digit of 1549?
9
What is the units digit of 72955?
5
What is the units digit of 766?
6
What is the tens digit of 1950?
5
What is the tens digit of 411?
1
What is the units digit of 97526?
6
What is the hundreds digit of 617?
6
What is the units digit of 3109?
9
What is the hundreds digit of 527?
5
What is the tens digit of 17?
1
What is the hundreds digit of 2481?
4
What is the tens digit of 1993?
9
What is the thousands digit of 3488?
3
What is the units digit of 430?
0
What is the units digit of 508?
8
What is the hundreds digit of 554?
5
What is the hundreds digit of 690?
6
What is the hundreds digit of 1169?
1
What is the tens digit of 124899?
9
What is the tens digit of 322?
2
What is the tens digit of 649?
4
What is the tens digit of 12763?
6
What is the hundreds digit of 15187?
1
What is the hundreds digit of 35078?
0
What is the thousands digit of 1048?
1
What is the ten thousands digit of 28105?
2
What is the thousands digit of 11172?
1
What is the hundreds digit of 33672?
6
What is the thousands digit of 1295?
1
What is the tens digit of 882?
8
What is the tens digit of 1076?
7
What is the units digit of 14021?
1
What is the units digit of 8248?
8
What is the units digit of 44695?
5
What is the units digit of 5047?
7
What is the hundred thousands digit of 145033?
1
What is the thousands digit of 2536?
2
What is the thousands digit of 1326?
1
What is the ten thousands digit of 19004?
1
What is the thousands digit of 5732?
5
What is the units digit of 26218?
8
What is the tens digit of 3734?
3
What is the hundreds digit of 30160?
1
What is the ten thousands digit of 34853?
3
What is the thousands digit of 1980?
1
What is the tens digit of 6659?
5
What is the hundreds digit of 295?
2
What is the ten thousands digit of 16670?
1
What is the thousands digit of 24517?
4
What is the tens digit of 7373?
7
What is the hundreds digit of 376?
3
What is the ten thousands digit of 81500?
8
What is the hundreds digit of 369?
3
What is the tens digit of 20580?
8
What is the tens digit of 2370?
7
What is the units digit of 62731?
1
What is the hundreds digit of 2299?
2
What is the hundreds digit of 50531?
5
What is the tens digit of 4153?
5
What is the hundreds digit of 10249?
2
What is the ten thousands digit of 11679?
1
What is the units digit of 72?
2
What is the tens digit of 5667?
6
What is the units digit of 589?
9
What is the units digit of 139?
9
What is the units digit of 12474?
4
What is the ten thousands digit of 66188?
6
What is the hundreds digit of 21641?
6
What is the tens digit of 6502?
0
What is the hundreds digit of 2791?
7
What is the tens digit of 11480?
8
What is the tens digit of 2127?
2
What is the hundreds digit of 27601?
6
What is the tens digit of 21545?
4
What is the thousands digit of 6700?
6
What is the tens digit of 3485?
8
What is the unit